4 - 3?
-13327
In base 10, what is 77533423 + -4?
77533419
In base 16, what is -38fdde + -9d?
-38fe7b
In base 13, what is -b + -c81b94c?
-c81b95a
In base 5, what is 0 - 141310324433?
-141310324433
In base 3, what is -1001210202001 + 0?
-1001210202001
In base 5, what is 21 + -30401404?
-30401333
In base 11, what is 490507 + -5?
490502
In base 15, what is 11bce - -1ad2?
137b1
In base 2, what is -100000101101 - 10100111010001?
-11000111111110
In base 11, what is -953 + 58793?
57940
In base 16, what is 29fc - 13d9?
1623
In base 9, what is 1875 - -184801?
186776
In base 2, what is 110111100100 + 1000111001110?
1111110110010
In base 13, what is 1 + -7a3c13?
-7a3c12
In base 14, what is -2 + -9698a?
-9698c
In base 5, what is -422 + -41200202?
-41201124
In base 12, what is 229230 + -6?
229226
In base 6, what is -5 - -253203513?
253203504
In base 3, what is -11110110100000 + 12010?
-11110110010220
In base 13, what is a - c766c?
-c7662
In base 10, what is 19261 + -62?
19199
In base 13, what is -11a81c7c - -2?
-11a81c7a
In base 3, what is 212212112110 - -12012?
212212201122
In base 11, what is -434687 + -30?
-434707
In base 16, what is -8 - -8b826a?
8b8262
In base 12, what is -6a858 + -6a10?
-75668
In base 10, what is 22991 + 189?
23180
In base 5, what is -31013214 - 401?
-31014120
In base 13, what is -1c + 4814?
47c5
In base 15, what is -430 - 42c7?
-4707
In base 14, what is 84c8 + 89?
8573
In base 2, what is 101010010001100011110111 + 10110?
101010010001100100001101
In base 16, what is eaa6b4 + -d?
eaa6a7
In base 13, what is -2 + 1bc3a376?
1bc3a374
In base 13, what is a - 5700a8?
-57009b
In base 13, what is c53 + 406c?
4cc2
In base 4, what is 12001313031 + -1?
12001313030
In base 4, what is 10 - -13031213201123?
13031213201133
In base 8, what is -420457323 + 5?
-420457316
In base 7, what is 10 + -43164106?
-43164066
In base 15, what is -3 + 1d4e7d?
1d4e7a
In base 16, what is 53fdef - 7?
53fde8
In base 4, what is -301013232100 + 3?
-301013232031
In base 4, what is -220232 - 330233020?
-331113312
In base 8, what is -2 - 222325574?
-222325576
In base 13, what is 3b - cb5024?
-cb4cb6
In base 12, what is 2ba - 48829a?
-487ba0
In base 14, what is d2b0b - -13?
d2b20
In base 4, what is 1 + 121000322233?
121000322300
In base 3, what is -22211001 + -11110220?
-111021221
In base 12, what is 191 + -a90266?
-a90095
In base 7, what is -31003605 + -2?
-31003610
In base 16, what is 345 + 1c5b?
1fa0
In base 5, what is -341041 - 20131?
-411222
In base 8, what is 5 + -2354050?
-2354043
In base 5, what is 41410020 - -123?
41410143
In base 14, what is -467 - -8bd22?
8b899
In base 5, what is 244233 + -13014?
231214
In base 9, what is -25570574 + -3?
-25570577
In base 7, what is 10425 + -1016621?
-1006163
In base 10, what is -844 + 3033?
2189
In base 6, what is -32 - 5231413?
-5231445
In base 6, what is 114 - 43300410?
-43300252
In base 8, what is -374675 + -3633?
-400530
In base 13, what is 47 + -989aa2?
-989a58
In base 12, what is 3652 - -1b101?
22753
In base 16, what is -34 + -75d1?
-7605
In base 7, what is 41602 + -14406?
24163
In base 6, what is 12311 - -115524?
132235
In base 10, what is -48786345 - 1?
-48786346
In base 3, what is 1220122 + -22000100122?
-21221110000
In base 11, what is 12 - 1576760?
-1576749
In base 9, what is -8 + -2877572?
-2877581
In base 16, what is 1b3f7c - 0?
1b3f7c
In base 2, what is -10111 + 101000001011111101?
101000001011100110
In base 2, what is 1000 - -111000000111100011010010?
111000000111100011011010
In base 6, what is 3554004235 - -25?
3554004304
In base 6, what is 113120 - 45322?
23354
In base 4, what is 311012 - -101231103?
102202121
In base 10, what is -1221 + -25867?
-27088
In base 5, what is -1120101 - 101?
-1120202
In base 3, what is 2020 + -1101002220022?
-1101002211002
In base 3, what is 21 + 202022212001?
202022212022
In base 12, what is -5 - 9444920?
-9444925
In base 6, what is -2250220325 - 11?
-2250220340
In base 7, what is -21551044003 - -5?
-21551043665
In base 8, what is 4 - -1067126414?
1067126420
In base 7, what is -12 + -4335532?
-4335544
In base 2, what is -1101111000100000111000000000 - -1?
-1101111000100000110111111111
In base 14, what is -cb2 + 5cc47?
5bd75
In base 13, what is 760892 + 2c?
7608c1
In base 9, what is 13527 + 3215?
16743
In base 15, what is -16590b - -56?
-1658a5
In base 2, what is -10010100000 + 1000111011000?
110100111000
In base 14, what is -129bda + 5a2?
-129638
In base 5, what is -3 - 22213114?
-22213122
In base 14, what is -a + 6892344?
6892338
In base 12, what is 2 - -4310223?
4310225
In base 15, what is -275 + da089?
d9d14
In base 8, what is -1023016 - 0?
-1023016
In base 16, what is 21ef + -307e2?
-2e5f3
In base 7, what is 3 - -426234424?
426234430
In base 3, what is -20001221 + -10220011?
-100222002
In base 3, what is 12 - -1200100010212?
1200100011001
In base 15, what is -b06ed2 - a?
-b06edc
In base 15, what is -10c446 + 710?
-10bc36
In base 7, what is -20203426 - 1?
-20203430
In base 9, what is 8825 - -66205?
76131
In base 7, what is 151 - -4212523?
4213004
In base 15, what is -6d16 - -4b?
-6cba
In base 10, what is 124831957 - 6?
124831951
In base 13, what is -19c7 - 61a6?
-7ba0
In base 14, what is -3 - 16453b0?
-16453b3
In base 16, what is 6759 - 2c5?
6494
In base 12, what is 136b + 1526?
2895
In base 6, what is 142 + -521341?
-521155
In base 2, what is -11111101010010010111010 - 11000?
-11111101010010011010010
In base 13, what is 1c4620 + 33?
1c4653
In base 5, what is 1043 + -123032232?
-123031134
In base 11, what is -589438 - 63?
-5894a0
In base 12, what is -156100 - 27?
-156127
In base 15, what is -9de5003 + -6?
-9de5009
In base 7, what is 13463344011 - -5?
13463344016
In base 15, what is 2a7a + 117?
2b92
In base 6, what is 14135232 - 202?
14135030
In base 6, what is -10 + -4055140?
-4055150
In base 16, what is -f7 - 23a9?
-24a0
In base 11, what is -13833aa + 231?
-1383179
In base 7, what is -244500 - -16123?
-225344
In base 11, what is -88 + -a22689?
-a22766
In base 2, what is -111110101001100010011001 + -100000?
-111110101001100010111001
In base 15, what is 4 - 2dce9d?
-2dce99
In base 9, what is -213020801 - 5?
-213020806
In base 7, what is -2 - -620535650?
620535645
In base 16, what is 302d2 + -193?
3013f
In base 10, what is 301515 - 46?
301469
In base 2, what is -1011011110 + 1001111011110?
1000100000000
In base 8, what is -51 + -13443251?
-13443322
In base 4, what is -211 - 2211011230?
-2211012101
In base 5, what is -120411032 + -241?
-120411323
In base 15, what is -28bc - -102c?
-1890
In base 7, what is 3 - 5251513326?
-5251513323
In base 15, what is 9b7942 - -9?
9b794b
In base 5, what is -13334 + -230044320?
-230113204
In base 4, what is 23030 - 10220120230?
-10220031200
In base 13, what is -816 - 4b3?
-cc9
In base 3, what is 1122212011 - 221011?
1121221000
In base 5, what is -111 - -10420031?
10414420
In base 6, what is -50433 + -1033155?
-1124032
In base 16, what is -cb2 - -25?
-c8d
In base 6, what is -14255023 - -301?
-14254322
In base 9, what is -63658 + -1027?
-64686
In base 4, what is 312231 - 210112102?
-203133211
In base 12, what is 263886 - 6?
263880
In base 5, what is -1031 - 44013210?
-44014241
In base 16, what is -4 - 295ce2?
-295ce6
In base 9, what is -266416 + 305?
-266111
In base 3, what is -22 + -1202122101101?
-1202122101200
In base 16, what is 713180 + 4?
713184
In base 11, what is 39 - 9a131?
-9a0a3
In base 16, what is 43f72 - 32a?
43c48
In base 12, what is 223 + 19140a?
191631
In base 15, what is -20 + -a3477?
-a3497
In base 11, what is 3545902 + 0?
3545902
In base 12, what is 1 + 49016968?
49016969
In base 5, what is -41340042 + 133?
-41334404
In base 7, what is -4 - -36613535?
36613531
In base 7, what is -361 - -313363?
313002
In base 15, what is -dbda1 - 219?
-dc0ba
In base 12, what is 12 - -356251?
356263
In base 11, what is -1 + 108219a9?
108219a8
In base 9, what is 2 + 113744245?
113744247
In base 11, what is 5 + -6739266?
-6739261
In base 7, what is -3462613 + 0?
-3462613
In base 4, what is -1 - -101323100030302?
101323100030301
In base 7, what is -101200 - 23452?
-124652
In base 3, what is -12 + 1200101100201120?
1200101100201101
In base 13, what is 94 - -6a53?
6b17
In base 2, what is -11100010010011001011011 - 1111001?
-11100010010011011010100
In 